 969137798?
9
What is the tens digit of 577405915?
1
What is the hundreds digit of 18270186?
1
What is the tens digit of 918230924?
2
What is the units digit of 125014993?
3
What is the millions digit of 65171670?
5
What is the thousands digit of 1635550981?
0
What is the units digit of 4346682?
2
What is the millions digit of 1531389?
1
What is the hundreds digit of 703341026?
0
What is the billions digit of 1808715741?
1
What is the units digit of 950663?
3
What is the hundred millions digit of 1352338286?
3
What is the hundred thousands digit of 207895136?
8
What is the billions digit of 3490172013?
3
What is the units digit of 18923637?
7
What is the ten thousands digit of 2973422045?
2
What is the thousands digit of 113787283?
7
What is the units digit of 114826582?
2
What is the thousands digit of 320522080?
2
What is the millions digit of 840662779?
0
What is the units digit of 359109527?
7
What is the tens digit of 540764061?
6
What is the units digit of 163625321?
1
What is the ten thousands digit of 53016845?
1
What is the tens digit of 146660691?
9
What is the thousands digit of 666934385?
4
What is the hundred thousands digit of 371383077?
3
What is the hundred millions digit of 1534990189?
5
What is the millions digit of 435232403?
5
What is the hundreds digit of 728522133?
1
What is the hundreds digit of 795393875?
8
What is the units digit of 105066720?
0
What is the hundred millions digit of 248452465?
2
What is the thousands digit of 11351223?
1
What is the ten thousands digit of 2384240383?
4
What is the units digit of 787581391?
1
What is the millions digit of 42782917?
2
What is the ten thousands digit of 12552397?
5
What is the hundred thousands digit of 30438728?
4
What is the units digit of 384558743?
3
What is the hundred thousands digit of 281173778?
1
What is the ten thousands digit of 1450679538?
7
What is the ten millions digit of 27389305?
2
What is the hundreds digit of 1473266439?
4
What is the hundred thousands digit of 22714487?
7
What is the hundreds digit of 1720337910?
9
What is the ten thousands digit of 65148378?
4
What is the tens digit of 1425626949?
4
What is the hundreds digit of 3659834959?
9
What is the hundred thousands digit of 66916024?
9
What is the hundred thousands digit of 2458790758?
7
What is the ten millions digit of 12409849?
1
What is the units digit of 128226718?
8
What is the thousands digit of 2794132021?
2
What is the ten thousands digit of 507582455?
8
What is the millions digit of 4404758456?
4
What is the hundred thousands digit of 9074160415?
1
What is the hundred thousands digit of 800275161?
2
What is the ten millions digit of 803526021?
0
What is the thousands digit of 1356006252?
6
What is the hundreds digit of 25674838?
8
What is the hundred millions digit of 100255261?
1
What is the tens digit of 2967863659?
5
What is the hundred thousands digit of 98907289?
9
What is the hundred thousands digit of 10298221?
2
What is the billions digit of 1710615439?
1
What is the millions digit of 867369061?
7
What is the hundred thousands digit of 1393679668?
6
What is the ten thousands digit of 2003246047?
4
What is the hundreds digit of 543785531?
5
What is the ten thousands digit of 20098239?
9
What is the hundred millions digit of 2068360765?
0
What is the tens digit of 292029523?
2
What is the tens digit of 350905034?
3
What is the thousands digit of 942659014?
9
What is the units digit of 40967820?
0
What is the ten millions digit of 106750961?
0
What is the hundreds digit of 414505655?
6
What is the ten thousands digit of 5508277639?
7
What is the thousands digit of 182301098?
1
What is the tens digit of 211959047?
4
What is the ten millions digit of 28796480?
2
What is the thousands digit of 229336914?
6
What is the ten millions digit of 64714301?
6
What is the ten thousands digit of 3127419?
2
What is the millions digit of 59037443?
9
What is the hundred millions digit of 368627056?
3
What is the tens digit of 8979424285?
8
What is the thousands digit of 41806660?
6
What is the millions digit of 91081823?
1
What is the millions digit of 2734926003?
4
What is the millions digit of 1788036564?
8
What is the hundred millions digit of 909747370?
9
What is the hundreds digit of 69249151?
1
What is the thousands digit of 310095176?
5
What is the ten thousands digit of 101159353?
5
What is the hundred millions digit of 3579094740?
5
What is the units digit of 2107331865?
5
What is the ten millions digit of 411044132?
1
What is the thousands digit of 336629111?
9
What is the ten millions digit of 174394553?
7
What is the ten thousands digit of 549259748?
5
What is the millions digit of 2155424?
2
What is the thousands digit of 311149781?
9
What is the hundreds digit of 692420286?
2
What is the thousands digit of 627429480?
9
What is the ten millions digit of 3544166369?
4
What is the millions digit of 1352497118?
2
What is the millions digit of 1260425700?
0
What is the ten thousands digit of 49315011?
1
What is the thousands digit of 557817136?
7
What is the tens digit of 242562454?
5
What is the units digit of 3454333318?
8
What is the tens digit of 543743052?
5
What is the thousands digit of 1948498?
8
What is the units digit of 32730344?
4
What is the tens digit of 381538712?
1
What is the hundred thousands digit of 87997727?
9
What is the hundred thousands digit of 650074038?
0
What is the hundred thousands digit of 156380687?
3
What is the ten millions digit of 1539203471?
3
What is the thousands digit of 1270080086?
0
What is the millions digit of 73142252?
3
What is the hundreds digit of 1117892794?
7
What is the hundreds digit of 42995500?
5
What is the hundred millions digit of 653279813?
6
What is the ten thousands digit of 123059098?
5
What is the billions digit of 3206222231?
3
What is the ten millions digit of 406607494?
0
What is the millions digit of 36857769?
6
What is the hundred millions digit of 1181581737?
1
What is the millions digit of 5079932985?
9
What is the ten thousands digit of 90148549?
4
What is the billions digit of 1503504023?
1
What is the ten thousands digit of 509370930?
7
What is the ten thousands digit of 216794960?
9
What is the hundred millions digit of 363064851?
3
What is the ten thousands digit of 3561311546?
1
What is the ten millions digit of 317282416?
1
What is the hundred thousands digit of 1370765992?
7
What is the hundreds digit of 311954575?
5
What is the units digit of 528312669?
9
What is the billions digit of 1587257399?
1
What is the tens digit of 2716131800?
0
What is the units digit of 17140102?
2
What is the ten thousands digit of 7442245585?
4
What is the ten millions digit of 83511885?
8
What is the millions digit of 17528444?
7
What is the units digit of 42937343?
3
What is the hundreds digit of 92941828?
8
What is the thousands digit of 112159341?
9
What is the millions digit of 1834319251?
4
What is the ten millions digit of 111032041?
1
What is the hundred thousands digit of 1516499235?
4
What is the ten thousands digit of 6370982948?
8
What is the millions digit of 730365272?
0
What is the ten millions digit of 379345766?
7
What is the ten thousands digit of 187579125?
7
What is the hundred millions digit of 251130501?
2
What is the ten thousands digit of 3496278311?
7
What is the millions digit of 269542853?
9
What is the hundred thousands digit of 54671205?
6
What is the ten thousands digit of 1850786861?
8
What is the hundred millions digit of 152678550?
1
What is the ten millions digit of 65820560?
6
What is the hundred millions digit of 2737659981?
7
What is the ten millions digit of 497934058?
9
What is the ten thousands digit of 159007825?
0
What is the hundreds digit of 468647244?
2
What is the hundreds digit of 1591233339?
3
What is the billions digit of 1349168057?
1
What is the ten thousands digit of 158103723?
0
What is the thousands digit of 141092666?
2
What is the millions digit of 475538915?
5
What is the hundred millions digit of 4530763482?
5
What is the millions digit of 82421706?
2
What is the hundred thousands digit of 12508978?
5
What is the ten millions digit of 1503634413?
0
What is the millions digit of 770613125?
0
What is the hundred millions digit of 635832325?
6
What is the ten millions dig